ns digit of 13695?
9
What is the thousands digit of 9000?
9
What is the ten thousands digit of 27358?
2
What is the hundreds digit of 1114?
1
What is the thousands digit of 2738?
2
What is the units digit of 298?
8
What is the ten thousands digit of 79063?
7
What is the tens digit of 823?
2
What is the hundreds digit of 231?
2
What is the thousands digit of 17667?
7
What is the hundreds digit of 30902?
9
What is the ten thousands digit of 170274?
7
What is the hundreds digit of 195?
1
What is the tens digit of 1363?
6
What is the hundreds digit of 22486?
4
What is the thousands digit of 4585?
4
What is the ten thousands digit of 51936?
5
What is the ten thousands digit of 61630?
6
What is the tens digit of 19145?
4
What is the hundreds digit of 586?
5
What is the ten thousands digit of 29065?
2
What is the thousands digit of 2418?
2
What is the thousands digit of 5238?
5
What is the units digit of 2762?
2
What is the ten thousands digit of 106284?
0
What is the thousands digit of 6811?
6
What is the ten thousands digit of 80596?
8
What is the tens digit of 21817?
1
What is the thousands digit of 1480?
1
What is the tens digit of 1295?
9
What is the hundreds digit of 803?
8
What is the tens digit of 1148?
4
What is the units digit of 17165?
5
What is the tens digit of 5531?
3
What is the hundreds digit of 77091?
0
What is the hundreds digit of 277?
2
What is the units digit of 8374?
4
What is the hundreds digit of 116779?
7
What is the thousands digit of 5648?
5
What is the ten thousands digit of 12921?
1
What is the tens digit of 1981?
8
What is the thousands digit of 8108?
8
What is the units digit of 662?
2
What is the hundreds digit of 2939?
9
What is the units digit of 2246?
6
What is the tens digit of 10599?
9
What is the hundreds digit of 4301?
3
What is the tens digit of 8845?
4
What is the units digit of 507?
7
What is the hundreds digit of 143?
1
What is the tens digit of 419?
1
What is the tens digit of 6118?
1
What is the units digit of 41607?
7
What is the units digit of 230?
0
What is the tens digit of 2284?
8
What is the tens digit of 10370?
7
What is the thousands digit of 9546?
9
